rime factors of 7197985?
5, 43, 33479
List the prime factors of 501842.
2, 11, 22811
What are the prime factors of 4216268?
2, 7, 23, 6547
List the prime factors of 141820.
2, 5, 7, 1013
What are the prime factors of 1240112?
2, 179, 433
What are the prime factors of 29069912?
2, 1021, 3559
List the prime factors of 3759342.
2, 3, 47, 13331
List the prime factors of 2439594.
2, 3, 135533
List the prime factors of 144812.
2, 41, 883
What are the prime factors of 5070748?
2, 131, 9677
List the prime factors of 5721046.
2, 2860523
List the prime factors of 8242.
2, 13, 317
What are the prime factors of 1481630?
2, 5, 229, 647
List the prime factors of 823268.
2, 205817
What are the prime factors of 5321345?
5, 1064269
What are the prime factors of 1463633?
79, 97, 191
What are the prime factors of 118600?
2, 5, 593
What are the prime factors of 682851?
3, 13, 17509
List the prime factors of 207312.
2, 3, 7, 617
List the prime factors of 36556149.
3, 7, 43, 40483
List the prime factors of 1660304.
2, 103769
What are the prime factors of 112254?
2, 3, 53, 353
List the prime factors of 2493574.
2, 163, 7649
What are the prime factors of 2485806?
2, 3, 53, 7817
What are the prime factors of 287568?
2, 3, 1997
What are the prime factors of 1527507?
3, 89, 1907
List the prime factors of 19150949.
47, 277, 1471
List the prime factors of 1096625.
5, 31, 283
List the prime factors of 237534.
2, 3, 11, 59, 61
What are the prime factors of 9024512?
2, 7, 1259
List the prime factors of 45038.
2, 7, 3217
What are the prime factors of 1456417?
1456417
List the prime factors of 16391908.
2, 13, 19, 47, 353
What are the prime factors of 152338?
2, 59, 1291
What are the prime factors of 3681792?
2, 3, 17, 47
What are the prime factors of 12403748?
2, 7, 442991
What are the prime factors of 2174041?
659, 3299
What are the prime factors of 27245017?
27245017
What are the prime factors of 445021?
445021
List the prime factors of 19408591.
149, 130259
List the prime factors of 22956252.
2, 3, 11, 61, 2851
What are the prime factors of 3543410?
2, 5, 13, 97, 281
What are the prime factors of 4265761?
577, 7393
List the prime factors of 14485822.
2, 13, 191, 2917
What are the prime factors of 4314463?
19, 97, 2341
List the prime factors of 276065.
5, 55213
What are the prime factors of 547901?
547901
What are the prime factors of 7555308?
2, 3, 629609
List the prime factors of 100416.
2, 3, 523
What are the prime factors of 9205714?
2, 7, 193, 3407
What are the prime factors of 256735?
5, 51347
List the prime factors of 173482.
2, 127, 683
What are the prime factors of 286014?
2, 3, 73, 653
List the prime factors of 1465926.
2, 3, 7, 11, 19, 167
List the prime factors of 2832262.
2, 607, 2333
What are the prime factors of 667795?
5, 133559
What are the prime factors of 10251210?
2, 3, 5, 29, 11783
List the prime factors of 3329776.
2, 208111
What are the prime factors of 1940790?
2, 3, 5, 64693
What are the prime factors of 2478820?
2, 5, 123941
What are the prime factors of 150108?
2, 3, 7, 1787
List the prime factors of 1159470.
2, 3, 5, 13, 991
What are the prime factors of 5452302?
2, 3, 61, 14897
List the prime factors of 84279.
3, 13, 2161
List the prime factors of 148367.
148367
List the prime factors of 92459.
92459
What are the prime factors of 1295834?
2, 647917
What are the prime factors of 509161?
227, 2243
List the prime factors of 97284.
2, 3, 11, 67
What are the prime factors of 700854?
2, 3, 7, 11, 37, 41
What are the prime factors of 4695692?
2, 59, 101, 197
List the prime factors of 304926.
2, 3, 50821
What are the prime factors of 6701845?
5, 1340369
What are the prime factors of 622777?
622777
List the prime factors of 15704508.
2, 3, 1308709
List the prime factors of 138766.
2, 69383
List the prime factors of 94450.
2, 5, 1889
What are the prime factors of 4282763?
4282763
What are the prime factors of 299062?
2, 149531
List the prime factors of 1040143.
13, 29, 31, 89
What are the prime factors of 1854491?
1854491
What are the prime factors of 320153?
320153
List the prime factors of 58705.
5, 59, 199
What are the prime factors of 10140386?
2, 5070193
List the prime factors of 466987.
29, 16103
List the prime factors of 180086.
2, 127, 709
What are the prime factors of 18301343?
18301343
What are the prime factors of 184870?
2, 5, 7, 19, 139
List the prime factors of 11408864.
2, 79, 4513
What are the prime factors of 709678?
2, 354839
What are the prime factors of 344318?
2, 13, 17, 19, 41
What are the prime factors of 20301838?
2, 31, 47, 6967
What are the prime factors of 8665263?
3, 962807
List the prime factors of 58978.
2, 37, 797
What are the prime factors of 126096?
2, 3, 37, 71
What are the prime factors of 3551786?
2, 7, 61, 4159
What are the prime factors of 814069?
814069
What are the prime factors of 220036?
2, 55009
What are the prime factors of 340709?
340709
List the prime factors of 8578507.
7, 1225501
What are the prime factors of 45882?
2, 3, 2549
What are the prime factors of 7095920?
2, 5, 13, 6823
What are the prime factors of 11531723?
7, 1647389
List the prime factors of 1148889.
3, 7, 54709
What are the prime factors of 307466?
2, 153733
List the prime factors of 1082158.
2, 7, 11, 7027
List the prime factors of 8687594.
2, 149, 29153
List the prime factors of 260176.
2, 7, 23, 101
What are the prime factors of 263302?
2, 13, 19, 41
List the prime factors of 228709.
13, 73, 241
What are the prime factors of 271676?
2, 23, 2953
List the prime factors of 35621.
179, 199
What are the prime factors of 1597196?
2, 41, 9739
List the prime factors of 563241.
3, 7, 26821
List the prime factors of 19411187.
71, 131, 2087
List the prime factors of 18638968.
2, 2329871
List the prime factors of 29207542.
2, 7, 13, 160481
What are the prime factors of 47998?
2, 103, 233
List the prime factors of 3716114.
2, 1858057
List the prime factors of 1913329.
11, 281, 619
What are the prime factors of 1804632?
2, 3, 75193
What are the prime factors of 13199489?
13199489
List the prime factors of 1097976.
2, 3, 11, 4159
What are the prime factors of 376330?
2, 5, 37633
List the prime factors of 3028031.
3028031
List the prime factors of 232613.
457, 509
What are the prime factors of 5629437?
3, 11, 101, 563
List the prime factors of 6456579.
3, 43, 50051
List the prime factors of 4261495.
5, 7, 313, 389
What are the prime factors of 1061100?
2, 3, 5, 131
List the prime factors of 11505538.
2, 11, 173, 3023
What are the prime factors of 739660?
2, 5, 31, 1193
List the prime factors of 2691141.
3, 19, 31, 1523
List the prime factors of 14201.
11, 1291
List the prime factors of 282713.
282713
List the prime factors of 47954.
2, 23977
What are the prime factors of 4200471?
3, 11, 14143
What are the prime factors of 1390040?
2, 5, 19, 31, 59
List the prime factors of 5790116.
2, 1447529
What are the prime factors of 2263987?
11, 205817
What are the prime factors of 5584607?
7, 23, 34687
List the prime factors of 1221295.
5, 47, 5197
List the prime factors of 821582.
2, 277, 1483
What are the prime factors of 17703074?
2, 229, 38653
What are the prime factors of 199533?
3, 227, 293
What are the prime factors of 156675?
3, 5, 2089
List the prime factors of 14705.
5, 17, 173
What are the prime factors of 1360461?
3, 439, 1033
What are the prime factors of 16708126?
2, 883, 9461
List the prime factors of 4741170.
2, 3, 5, 7, 107, 211
What are the prime factors of 1522813?
31, 49123
What are the prime factors of 1431387?
3, 89, 1787
List the prime factors of 220680.
2, 3, 5, 613
What are the prime factors of 7719359?
7719359
What are the prime factors of 133152?
2, 3, 19, 73
What are the prime factors of 139273?
139273
List the prime factors of 1261654.
2, 630827
What are the prime factors of 1432?
2, 179
List the prime factors of 7638228.
2, 3, 13, 19, 859
What are the prime factors of 2517462?
2, 3, 17, 19, 433
List the prime factors of 291669.
3, 7, 17, 19, 43
List the prime factors of 1946385.
3, 5, 7, 37, 167
What are the prime factors of 4354899?
3, 1451633
What are the prime factors of 11148340?
2, 5, 7, 79631
What are the prime factors of 900542?
2, 23, 19577
What are the prime factors of 8646764?
2, 7, 308813
List the prime factors of 177110